{"version":"1.0","provider_name":"Documentation Dolisim","provider_url":"https:\/\/docs.dolisim.com\/fr","author_name":"Bishou","author_url":"https:\/\/docs.dolisim.com\/fr\/author\/bishou\/","title":"Activer l'affichage du logo d'un propri\u00e9taire sur les factures de la gestion locative - Documentation Dolisim","type":"rich","width":600,"height":338,"html":"<blockquote class=\"wp-embedded-content\" data-secret=\"TSlWu2TPDo\"><a href=\"https:\/\/docs.dolisim.com\/fr\/activer-laffichage-du-logo-dun-proprietaire\/\">Activer l&rsquo;affichage du logo d&rsquo;un propri\u00e9taire sur les factures de la gestion locative<\/a><\/blockquote><iframe sandbox=\"allow-scripts\" security=\"restricted\" src=\"https:\/\/docs.dolisim.com\/fr\/activer-laffichage-du-logo-dun-proprietaire\/embed\/#?secret=TSlWu2TPDo\" width=\"600\" height=\"338\" title=\"\u00ab\u00a0Activer l&rsquo;affichage du logo d&rsquo;un propri\u00e9taire sur les factures de la gestion locative\u00a0\u00bb &#8212; Documentation Dolisim\" data-secret=\"TSlWu2TPDo\" frameborder=\"0\" marginwidth=\"0\" marginheight=\"0\" scrolling=\"no\" class=\"wp-embedded-content\"><\/iframe><script>\n\/*! This file is auto-generated *\/\n!function(d,l){\"use strict\";l.querySelector&&d.addEventListener&&\"undefined\"!=typeof URL&&(d.wp=d.wp||{},d.wp.receiveEmbedMessage||(d.wp.receiveEmbedMessage=function(e){var t=e.data;if((t||t.secret||t.message||t.value)&&!\/[^a-zA-Z0-9]\/.test(t.secret)){for(var s,r,n,a=l.querySelectorAll('iframe[data-secret=\"'+t.secret+'\"]'),o=l.querySelectorAll('blockquote[data-secret=\"'+t.secret+'\"]'),c=new RegExp(\"^https?:$\",\"i\"),i=0;i<o.length;i++)o[i].style.display=\"none\";for(i=0;i<a.length;i++)s=a[i],e.source===s.contentWindow&&(s.removeAttribute(\"style\"),\"height\"===t.message?(1e3<(r=parseInt(t.value,10))?r=1e3:~~r<200&&(r=200),s.height=r):\"link\"===t.message&&(r=new URL(s.getAttribute(\"src\")),n=new URL(t.value),c.test(n.protocol))&&n.host===r.host&&l.activeElement===s&&(d.top.location.href=t.value))}},d.addEventListener(\"message\",d.wp.receiveEmbedMessage,!1),l.addEventListener(\"DOMContentLoaded\",function(){for(var e,t,s=l.querySelectorAll(\"iframe.wp-embedded-content\"),r=0;r<s.length;r++)(t=(e=s[r]).getAttribute(\"data-secret\"))||(t=Math.random().toString(36).substring(2,12),e.src+=\"#?secret=\"+t,e.setAttribute(\"data-secret\",t)),e.contentWindow.postMessage({message:\"ready\",secret:t},\"*\")},!1)))}(window,document);\n\/\/# sourceURL=https:\/\/docs.dolisim.com\/fr\/wp-includes\/js\/wp-embed.min.js\n<\/script>\n","thumbnail_url":"https:\/\/docs.dolisim.com\/fr\/wp-content\/uploads\/2021\/04\/logiciel-gestion-locative.png","thumbnail_width":620,"thumbnail_height":608,"description":"Certains bailleurs peuvent faire louer les biens appartenant \u00e0 une SCI. Des fois ils ont besoin \u00e0 ce que \u00e7a soit le logo de ces derniers qui soit affich\u00e9 sur les factures."}

Activer l'affichage du logo d'un propriétaire sur les factures de la gestion locative - Documentation Dolisim

<blockquote class="wp-embedded-content" data-secret="TSlWu2TPDo"><a href="https://docs.dolisim.com/fr/activer-laffichage-du-logo-dun-proprietaire/">Activer l&rsquo;affichage du logo d&rsquo;un propriétaire sur les factures de la gestion locative</a></blockquote><iframe sandbox="allow-scripts" security="restricted" src="https://docs.dolisim.com/fr/activer-laffichage-du-logo-dun-proprietaire/embed/#?secret=TSlWu2TPDo" width="600" height="338" title="« Activer l&rsquo;affichage du logo d&rsquo;un propriétaire sur les factures de la gestion locative » &#8212; Documentation Dolisim" data-secret="TSlWu2TPDo" frameborder="0" marginwidth="0" marginheight="0" scrolling="no" class="wp-embedded-content"></iframe><script>
/*! This file is auto-generated */
!function(d,l){"use strict";l.querySelector&&d.addEventListener&&"undefined"!=typeof URL&&(d.wp=d.wp||{},d.wp.receiveEmbedMessage||(d.wp.receiveEmbedMessage=function(e){var t=e.data;if((t||t.secret||t.message||t.value)&&!/[^a-zA-Z0-9]/.test(t.secret)){for(var s,r,n,a=l.querySelectorAll('iframe[data-secret="'+t.secret+'"]'),o=l.querySelectorAll('blockquote[data-secret="'+t.secret+'"]'),c=new RegExp("^https?:$","i"),i=0;i<o.length;i++)o[i].style.display="none";for(i=0;i<a.length;i++)s=a[i],e.source===s.contentWindow&&(s.removeAttribute("style"),"height"===t.message?(1e3<(r=parseInt(t.value,10))?r=1e3:~~r<200&&(r=200),s.height=r):"link"===t.message&&(r=new URL(s.getAttribute("src")),n=new URL(t.value),c.test(n.protocol))&&n.host===r.host&&l.activeElement===s&&(d.top.location.href=t.value))}},d.addEventListener("message",d.wp.receiveEmbedMessage,!1),l.addEventListener("DOMContentLoaded",function(){for(var e,t,s=l.querySelectorAll("iframe.wp-embedded-content"),r=0;r<s.length;r++)(t=(e=s[r]).getAttribute("data-secret"))||(t=Math.random().toString(36).substring(2,12),e.src+="#?secret="+t,e.setAttribute("data-secret",t)),e.contentWindow.postMessage({message:"ready",secret:t},"*")},!1)))}(window,document);
//# sourceURL=https://docs.dolisim.com/fr/wp-includes/js/wp-embed.min.js
</script>

Certains bailleurs peuvent faire louer les biens appartenant à une SCI. Des fois ils ont besoin à ce que ça soit le logo de ces derniers qui soit affiché sur les factures.
